 9. Let m(z) = -45*z - 258. What is the remainder when q(-6) is divided by m(-6)?
9
Let m = 24 + -21. Suppose k + k + 210 = 5*d, m*d - 3*k - 135 = 0. Calculate the remainder when d is divided by 14.
12
Suppose -5*z - 77 = 23. Let y(b) = -b**3 - 22*b**2 - 44*b - 24. Calculate the remainder when 163 is divided by y(z).
51
Let m be 165/66*((-6)/(-10) - -1). Suppose -3*i = -3*g, -3*i + 10 = m*g - 2*i. Calculate the remainder when 16 is divided by g.
0
Let f(o) = 7 + 3*o - 2*o**2 - 10*o + o**2. What is the remainder when (-1 + -14)/(15/(-50)) is divided by f(-6)?
11
Let c(l) = -l**2 + 12*l + 15. Let r be c(13). Suppose -r*t = -2*n + 156, 2*n = -n - 3*t + 246. Calculate the remainder when n is divided by 21.
17
Let o = 111 - 76. Let n = 17 + 2. What is the remainder when (o - 7)/(1/2) is divided by n?
18
Suppose 12*b - 89*b + 693 = 0. Calculate the remainder when 40 is divided by b.
4
Let h be 45/18*4/5. Suppose h*b + 4*a = 32, 4*b - 47 - 1 = -4*a. Calculate the remainder when b is divided by 4.
0
Let p = 230 - 186. Let n = 42 + -19. Suppose -3*k - n = -p. Calculate the remainder when 18 is divided by k.
4
Suppose -3*n + 2*z - 5 = -1, -3*z = 3*n - 21. Calculate the remainder when 87 is divided by n.
1
Let c be ((-54)/(-30))/((-2)/(-30)). Suppose 3*q - 6*q = -c. Calculate the remainder when q is divided by 5.
4
What is the remainder when 115 is divided by (-49)/(-2) + (-6)/12*1?
19
Let d(a) = -a + 34 - 4*a - 30 - a**2. What is the remainder when 7 is divided by d(-5)?
3
Calculate the remainder when 48 is divided by ((-6)/(-4))/((-39)/(-468)).
12
Suppose -12*f + 10*f - 580 = 0. Calculate the remainder when 86 is divided by (-3219)/f + 1/(-10).
9
What is the remainder when (-4290)/(-26)*(-4)/(-6) is divided by 19?
15
Let a(l) = -l**2 + 9*l + 7. Let i be a(8). Suppose -3*w + 25 = -4*r, r - i = -w + 4*r. Suppose 6*h = w*h + 24. Calculate the remainder when 13 is divided by h.
5
Let g(n) = -3 - 7 - 19*n + 0. What is the remainder when g(-2) is divided by 10?
8
Suppose -12*a + 41 + 163 = 0. Calculate the remainder when a is divided by 9/2 + 6/12.
2
Let m = -5 - -11. Suppose 3*n - 17 = 19. What is the remainder when n is divided by m?
0
Suppose 0 = 4*u - 12. Suppose -u*l = -3*m - 273, 0 = -4*l + l + 2*m + 271. Calculate the remainder when l is divided by 13.
11
Let t(k) = k**3 + 12*k**2 - 13*k - 9. Let o be t(-13). Let w(z) = z**3 + 7*z**2 - 21*z - 19. Calculate the remainder when 2*27 - -1 - 1 is divided by w(o).
6
Suppose 0 = 3*x, u + 43*x - 48*x = 100. Calculate the remainder when 302 is divided by u.
2
Let f(k) = -k + 10. Let b be f(-5). Let l = b - 8. Suppose -l*y - 84 = -11*y. Calculate the remainder when 62 is divided by y.
20
Let w = 10457 + -6590. Calculate the remainder when w is divided by 10.
7
Suppose 5*c - 67 = -2*h, -h + 4*h = 4*c + 112. Let o = h - 11. Calculate the remainder when 49 is divided by o.
24
Let d = -246 + 299. Suppose 19 = 2*y + 3*f, 45 = 5*y + 2*f - 19. What is the remainder when d is divided by y?
11
Suppose 0*z = z - 58. Suppose 4*f - 6*x + 2*x + 92 = 0, -f + 5*x = 35. Calculate the remainder when z is divided by f/(-3)*(5 + -2).
18
Let d = -43 + 145. Let k(f) = -f**3 + 7*f**2 - 12*f + 1. Let b be k(5). Let r = d + b. What is the remainder when r is divided by 24?
21
Let g(n) = -n**2 - 6*n + 13. What is the remainder when g(-5) is divided by 12?
6
Suppose 0 = -b + 11*j - 34 - 25, -5*j = 4*b - 156. Calculate the remainder when b is divided by (-2)/(-1)*(10 + -2).
13
Let p be 90/36*1/((-5)/(-4)). Suppose -u - c + 15 = 0, 0*c + 5 = 5*c. Calculate the remainder when 1 - (-1632)/30 - p/5 is divided by u.
13
Let u = 26 - 16. Suppose 382 = -30*m + 1792. What is the remainder when m is divided by u?
7
Let i = 160 + 100. Suppose 15*y - i = 11*y. Calculate the remainder when y is divided by (-112)/(-5) - (-2)/(-5).
21
Suppose -6*o = -2124 + 420. Calculate the remainder when o is divided by 72.
68
Suppose -2*t + 3*s = 5*s, -4*s - 2 = 3*t. What is the remainder when (30/(-4))/(t - 20/8) is divided by 9?
6
Let q = 35 + -35. Let v(r) = 24 + q*r + 2*r - 3*r. What is the remainder when 17 is divided by v(17)?
3
Suppose -4*m = -69*m + 1170. Let q be (0 + 1)*(1 - 2). What is the remainder when (-1)/q + -1 + 69 is divided by m?
15
Suppose 90 = 6*j - j. Let b be ((-4)/2 - 1) + 358. Suppose 5*k = -0*k + b. Calculate the remainder when k is divided by j.
17
Let s = -17 + 15. Suppose u - 2 - 7 = 0. What is the remainder when u is divided by 1/(-2) + -2 + (-9)/s?
1
Let y = 74 - 39. What is the remainder when y is divided by 13?
9
Let n(b) = -b**3 + 13*b**2 + 2*b + 11. What is the remainder when n(13) is divided by 12?
1
Let x(b) = -3*b - 4. Let p(o) = -118*o - 2. Let z be p(-2). What is the remainder when ((-2)/6)/((-2)/z) is divided by x(-6)?
11
Let j(d) = -d**3 + 8*d**2 + 11*d - 8. Calculate the remainder when j(8) is divided by 29.
22
Suppose 6*w - 4*w + 30 = 0. Calculate the remainder when (-6)/w - (0 + 318/(-5)) is divided by 18.
10
Suppose 4*z - 43 = -5*h, -4*h + 7*h - 19 = z. What is the remainder when 104 is divided by h?
6
Let j(g) = 3*g + 10. Let i be j(6). Let q = i + -10. What is the remainder when 106 is divided by q?
16
Suppose 3*v - 164 = -3*b + 133, 0 = -4*v - b + 384. What is the remainder when v is divided by 12?
11
Suppose 14 = 2*a + 4. Let f(h) = -h**3 - 15*h**2 - 2. Let t be f(-15). Let i = t + 15. Calculate the remainder when i is divided by a.
3
Suppose -5*z + 22 - 17 = 0. Let o(b) = 31*b**2 - 3*b + 4. Calculate the remainder when o(z) is divided by 17.
15
Suppose 5*v - 28 = -2*q, -24 = -7*v + 3*v - 2*q. Suppose 4*h + v = 5*h. Calculate the remainder when 14 is divided by h.
2
Suppose -a = 4*a - 25. Let o = a - -2. Suppose 5*q - 3*s - 58 = 0, 2*s - 6*s = 4. Calculate the remainder when q is divided by o.
4
Suppose -21*x + 575 = 2*x. Suppose -8 = 4*j + 3*s + s, 37 = 4*j - 5*s. Suppose 20 = 5*k, j*k = y - 2 - 0. What is the remainder when x is divided by y?
11
Calculate the remainder when 36/2*((-85)/10 - -9) is divided by ((-4)/10)/(1/(-10)).
1
Suppose -14*z + 102*z - 3608 = -76*z. Let c(f) = f**3 + 7*f**2 + 5*f - 5. Let j be c(-6). Calculate the remainder when 40 + 1 - (-1 + j) is divided by z.
19
What is the remainder when (-6)/(-8)*-2 - 26/(-4) is divided by 2?
1
Let a = 21 - 42. Let u = 15 + 15. What is the remainder when u is divided by (-6)/a - 270/(-35)?
6
Let a = -6 - -14. Let t = -234 + 80. Calculate the remainder when (-6)/54 - t/9 is divided by a.
1
Suppose g = -0*g + 3. Suppose -g*o - o = -4*r - 276, 4*r = 2*o - 138. Let a = 45 + -27. What is the remainder when o is divided by a?
15
Let b = -44 - -50. Suppose -5*m = q - 115, -3*m = 5*q - b*q - 61. Let c(s) = 3*s**3 - s**2 - 2*s - 3. What is the remainder when c(3) is divided by m?
19
Suppose 0*x - 3*x = -102. What is the remainder when 62 is divided by x?
28
Let y = -547 - -964. Calculate the remainder when y is divided by 20.
17
Let h = -1836 - -2012. What is the remainder when h is divided by 162?
14
Let o = 306 + -182. Suppose 3*f + 111 = 5*f - 5*l, -3*f - l + o = 0. What is the remainder when 168 is divided by f?
39
Let a be 4 + 29/(-3) + 8/12. Calculate the remainder when 96 is divided by (-127)/a - 36/90.
21
Suppose -5*l = -3*b - 0*b - 86, -5*b + 53 = 2*l. Suppose 35 = -8*c + 13*c. What is the remainder when l is divided by c?
5
Let c be ((-12)/(-15))/(4/(-10)). Let x be c/12 + 21/18. Let m(q) = 30*q**2 - 2*q + 2. What is the remainder when m(x) is divided by 11?
8
Suppose 136*g - 19 = 135*g. Let w = -186 - -318. Calculate the remainder when w is divided by g.
18
Let u(c) = 44*c**2 - 15*c + 19. What is the remainder when u(2) is divided by 30?
15
Suppose -673*x + 683*x = 350. Calculate the remainder when 205 is divided by x.
30
Let f = -5 + 15. Suppose 5*j + 190 = f*j. Let u(k) = k**3 + 10*k**2 - 2*k - 6. Calculate the remainder when j is divided by u(-10).
10
Suppose -26 = -2*r + 30. Let j be -2 + 6/(12/74). Let h = j + -20. What is the remainder when r is divided by h?
13
Let h be ((-14)/21)/(2/(-12)). Suppose -u + h*s + 111 = 0, -2*s + s = u - 136. Suppose 5*p - 47 - 118 = 0. What is the remainder when u is divided by p?
32
Suppose 0 = -3*f - 9, -5*l = -2*f - 41 - 10. Suppose -860 = l*i - 13*i. Calculate the remainder when i is divided by 54.
53
Suppos